{"id":132,"date":"2015-04-29T12:37:03","date_gmt":"2015-04-29T11:37:03","guid":{"rendered":"http:\/\/2015.ostravskamuzejninoc.cz\/?page_id=132"},"modified":"2015-06-02T18:57:20","modified_gmt":"2015-06-02T17:57:20","slug":"cesky-galerie-magna","status":"publish","type":"page","link":"https:\/\/2015.ostravskamuzejninoc.cz\/pl\/cesky-galerie-magna\/","title":{"rendered":"Galerie Magna"},"content":{"rendered":"<p><\/p>\n<table class=\"alignleft\" border=\"0\" width=\"700\" cellspacing=\"0\" cellpadding=\"0\">\n<tbody>\n<tr>\n<td valign=\"top\" width=\"380\">\n<h1>Galerie Magna<\/h1>\n<p>Galeria Magna rozpocz\u0119\u0142a swoj\u0105 dzia\u0142alno\u015b\u0107 ju\u017c w roku 2000. Prezentuje przede wszystkim kluczowe osobowo\u015bci czeskiej i s\u0142owackiej sceny artystycznej, kt\u00f3re w Ostrawie i okolicach nigdy, b\u0105d\u017a d\u0142ugo ju\u017c nie wystawia\u0142y. W ostatnich latach obok tych wyra\u017anych osobowo\u015bci daje mo\u017cliwo\u015b\u0107 wystawiania i obiecuj\u0105cym talentom nadchodz\u0105cej generacji artystycznej. W ci\u0105gu roku kalendarzowego realizuje siedem do o\u015bmiu wystaw, a do ka\u017cdej wystawy wydaje katalog. Program wystawienniczy jest realizowany przy finansowym wsparciu miasta wydzielonego Ostrawa i dzielnicy Morawska Ostrawa i Przyw\u00f3z.<\/p>\n<h5>18.00\u201323.00<\/h5>\n<h3>\u00a0Wystawa rze\u017ab Micha\u0142a Gabriela<\/h3>\n<p>Micha\u0142 Gabriel na scenie plastycznej zaznaczy\u0142 swoj\u0105 obecno\u015b\u0107 na pocz\u0105tku lat 80-tych i od tamtego czasu sta\u0142 si\u0119 jednym z najwyra\u017aniejszych tw\u00f3rc\u00f3w nowego stylu &#8211; postmodernizmu. Od pocz\u0105tku jego drogi artystycznej jeste\u015bmy \u015bwiadkami ujawniania w jego pracy intryguj\u0105cej fabu\u0142y \u015brodkami charakterystycznymi dla j\u0119zyka rze\u017aby.<\/p>\n<p>Micha\u0142 Gabriel nie jest filozofem rozmy\u015blaj\u0105cym o \u017cyciu ludzkim, jest rze\u017abiarzem, ale jego rze\u017aby nie s\u0105 li tylko estetycznymi artefaktami, s\u0105 wyrazem wra\u017cliwego do\u015bwiadczenia ludzkiego, jego dojrzewania, co w\u0142a\u015bnie stanowi w jego dotychczasowej tw\u00f3rczo\u015bci jasn\u0105 i godn\u0105 podziwu struktur\u0119.<\/p>\n<p>Od roku 1984 wystawia samodzielnie i zbiorowo na setkach wystaw w RC i za granic\u0105. Jego prace by\u0142y zakupione do zbior\u00f3w Galerii Narodowej w Pradze, Po\u0142udniowoczeskiej Galerii Al\u0161a (Al\u0161ovy Jiho\u010desk\u00e9 galerie) w Hlubok\u00e9 nad We\u0142taw\u0105, Muzeum Sztuki (Muzea um\u011bn\u00ed) w O\u0142omu\u0144cu, Galerii Sztuki Nowoczesnej (Galerie modern\u00edho um\u011bn\u00ed) w Hradcu Kr\u00f3lowej oraz do wielu prywatnych zbior\u00f3w krajowych i zagranicznych.<\/td>\n<td width=\"20\"><\/td>\n<td valign=\"top\" width=\"300\"><img loading=\"lazy\" class=\"alignnone size-full wp-image-417\" src=\"https:\/\/2013.ostravskamuzejninoc.cz\/wp-content\/uploads\/2013\/04\/magna_logo_white.png\" alt=\"magna_logo_white\" width=\"250\" height=\"83\" \/><\/p>\n<h2><a href=\"https:\/\/2015.ostravskamuzejninoc.cz\/wp-content\/uploads\/2015\/04\/galerie_magna.jpg\"><img loading=\"lazy\" class=\"alignnone size-medium wp-image-338\" src=\"https:\/\/2015.ostravskamuzejninoc.cz\/wp-content\/uploads\/2015\/04\/galerie_magna-300x247.jpg\" alt=\"galerie_magna\" width=\"300\" height=\"247\" srcset=\"https:\/\/2015.ostravskamuzejninoc.cz\/wp-content\/uploads\/2015\/04\/galerie_magna-300x247.jpg 300w, https:\/\/2015.ostravskamuzejninoc.cz\/wp-content\/uploads\/2015\/04\/galerie_magna.jpg 900w\" sizes=\"(max-width: 300px) 100vw, 300px\" \/><\/a><\/h2>\n<h2>Kontakt:<\/h2>\n<p>Galerie Magna<br \/>\nBieblova 3, 702 00 Ostrava<br \/>\nTel.: 774\u00a0276 848<br \/>\nE-mail: jiri.dobes@centrum.cz<br \/>\nwww: <a href=\"https:\/\/www.magna.8u.cz\/\" target=\"_blank\">www.magna.8u.cz<\/a><\/td>\n<\/tr>\n<\/tbody>\n<\/table>\n<p><\/p>","protected":false},"excerpt":{"rendered":"<p>Galerie Magna Galeria Magna rozpocz\u0119\u0142a swoj\u0105 dzia\u0142alno\u015b\u0107 ju\u017c w roku 2000. Prezentuje przede wszystkim kluczowe osobowo\u015bci czeskiej i s\u0142owackiej sceny artystycznej, kt\u00f3re w Ostrawie i okolicach nigdy, b\u0105d\u017a d\u0142ugo ju\u017c nie wystawia\u0142y. W ostatnich latach obok tych wyra\u017anych osobowo\u015bci daje mo\u017cliwo\u015b\u0107 wystawiania i obiecuj\u0105cym talentom nadchodz\u0105cej generacji artystycznej. W ci\u0105gu roku kalendarzowego realizuje siedem do [&hellip;]<\/p>\n","protected":false},"author":1,"featured_media":0,"parent":0,"menu_order":0,"comment_status":"closed","ping_status":"closed","template":"","meta":[],"_links":{"self":[{"href":"https:\/\/2015.ostravskamuzejninoc.cz\/pl\/wp-json\/wp\/v2\/pages\/132"}],"collection":[{"href":"https:\/\/2015.ostravskamuzejninoc.cz\/pl\/wp-json\/wp\/v2\/pages"}],"about":[{"href":"https:\/\/2015.ostravskamuzejninoc.cz\/pl\/wp-json\/wp\/v2\/types\/page"}],"author":[{"embeddable":true,"href":"https:\/\/2015.ostravskamuzejninoc.cz\/pl\/wp-json\/wp\/v2\/users\/1"}],"replies":[{"embeddable":true,"href":"https:\/\/2015.ostravskamuzejninoc.cz\/pl\/wp-json\/wp\/v2\/comments?post=132"}],"version-history":[{"count":18,"href":"https:\/\/2015.ostravskamuzejninoc.cz\/pl\/wp-json\/wp\/v2\/pages\/132\/revisions"}],"predecessor-version":[{"id":857,"href":"https:\/\/2015.ostravskamuzejninoc.cz\/pl\/wp-json\/wp\/v2\/pages\/132\/revisions\/857"}],"wp:attachment":[{"href":"https:\/\/2015.ostravskamuzejninoc.cz\/pl\/wp-json\/wp\/v2\/media?parent=132"}],"curies":[{"name":"wp","href":"https:\/\/api.w.org\/{rel}","templated":true}]}}

<p></p>
<table class="alignleft" border="0" width="700" cellspacing="0" cellpadding="0">
<tbody>
<tr>
<td valign="top" width="380">
<h1>Galerie Magna</h1>
<p>Galeria Magna rozpoczęła swoją działalność już w roku 2000. Prezentuje przede wszystkim kluczowe osobowości czeskiej i słowackiej sceny artystycznej, które w Ostrawie i okolicach nigdy, bądź długo już nie wystawiały. W ostatnich latach obok tych wyraźnych osobowości daje możliwość wystawiania i obiecującym talentom nadchodzącej generacji artystycznej. W ciągu roku kalendarzowego realizuje siedem do ośmiu wystaw, a do każdej wystawy wydaje katalog. Program wystawienniczy jest realizowany przy finansowym wsparciu miasta wydzielonego Ostrawa i dzielnicy Morawska Ostrawa i Przywóz.</p>
<h5>18.00–23.00</h5>
<h3> Wystawa rzeźb Michała Gabriela</h3>
<p>Michał Gabriel na scenie plastycznej zaznaczył swoją obecność na początku lat 80-tych i od tamtego czasu stał się jednym z najwyraźniejszych twórców nowego stylu &#8211; postmodernizmu. Od początku jego drogi artystycznej jesteśmy świadkami ujawniania w jego pracy intrygującej fabuły środkami charakterystycznymi dla języka rzeźby.</p>
<p>Michał Gabriel nie jest filozofem rozmyślającym o życiu ludzkim, jest rzeźbiarzem, ale jego rzeźby nie są li tylko estetycznymi artefaktami, są wyrazem wrażliwego doświadczenia ludzkiego, jego dojrzewania, co właśnie stanowi w jego dotychczasowej twórczości jasną i godną podziwu strukturę.</p>
<p>Od roku 1984 wystawia samodzielnie i zbiorowo na setkach wystaw w RC i za granicą. Jego prace były zakupione do zbiorów Galerii Narodowej w Pradze, Południowoczeskiej Galerii Alša (Alšovy Jihočeské galerie) w Hluboké nad Wełtawą, Muzeum Sztuki (Muzea umění) w Ołomuńcu, Galerii Sztuki Nowoczesnej (Galerie moderního umění) w Hradcu Królowej oraz do wielu prywatnych zbiorów krajowych i zagranicznych.</td>
<td width="20"></td>
<td valign="top" width="300"><img loading="lazy" class="alignnone size-full wp-image-417" src="https://2013.ostravskamuzejninoc.cz/wp-content/uploads/2013/04/magna_logo_white.png" alt="magna_logo_white" width="250" height="83" /></p>
<h2><a href="https://2015.ostravskamuzejninoc.cz/wp-content/uploads/2015/04/galerie_magna.jpg"><img loading="lazy" class="alignnone size-medium wp-image-338" src="https://2015.ostravskamuzejninoc.cz/wp-content/uploads/2015/04/galerie_magna-300x247.jpg" alt="galerie_magna" width="300" height="247" srcset="https://2015.ostravskamuzejninoc.cz/wp-content/uploads/2015/04/galerie_magna-300x247.jpg 300w, https://2015.ostravskamuzejninoc.cz/wp-content/uploads/2015/04/galerie_magna.jpg 900w" sizes="(max-width: 300px) 100vw, 300px" /></a></h2>
<h2>Kontakt:</h2>
<p>Galerie Magna<br />
Bieblova 3, 702 00 Ostrava<br />
Tel.: 774 276 848<br />
E-mail: jiri.dobes@centrum.cz<br />
www: <a href="https://www.magna.8u.cz/" target="_blank">www.magna.8u.cz</a></td>
</tr>
</tbody>
</table>
<p></p>

<p>Galerie Magna Galeria Magna rozpoczęła swoją działalność już w roku 2000. Prezentuje przede wszystkim kluczowe osobowości czeskiej i słowackiej sceny artystycznej, które w Ostrawie i okolicach nigdy, bądź długo już nie wystawiały. W ostatnich latach obok tych wyraźnych osobowości daje możliwość wystawiania i obiecującym talentom nadchodzącej generacji artystycznej. W ciągu roku kalendarzowego realizuje siedem do [&hellip;]</p>
